{"id":766,"date":"2023-06-01T07:01:17","date_gmt":"2023-06-01T07:01:17","guid":{"rendered":"https:\/\/baldirivila.com\/?page_id=766"},"modified":"2023-06-01T08:00:33","modified_gmt":"2023-06-01T08:00:33","slug":"avis-legal","status":"publish","type":"page","link":"https:\/\/baldirivila.com\/ita\/avvertimento-legale\/","title":{"rendered":"Avviso legale"},"content":{"rendered":"<p>Il presente Avviso Legale regola l'accesso da parte dell'utente del sito Web (di seguito, l''Utente') ai contenuti forniti da Maria Guiral Ramon, d'ora in poi come Baldiri Vila S.L. Il semplice utilizzo delle informazioni contenute in questo sito web implica la piena accettazione dell'Avviso Legale, e per questo motivo ti consigliamo di accedervi ogni volta che ritorni su questo sito web, visto il suo costante aggiornamento.<\/p>\n\n\n\n<h2 class=\"wp-block-heading\">Dati di identificazione<\/h2>\n\n\n\n<p>In ottemperanza agli obblighi stabiliti nella LSSI, si fa presente che il dominio \u00a0baldirivila.com \u00e8 di propriet\u00e0 di Maria Guiral Ramon nel nome commerciale Baldiri Vila S.L.:<\/p>\n\n\n\n<p>Azienda: Baldiri Vila S.L.<\/p>\n\n\n\n<p>NIF: B61176707<\/p>\n\n\n\n<p>Indirizzo: Mercado Mercabarna, PABELLON G. 7017 A 7022, Barcellona, \u200b\u200b\u200b\u200b08040, Barcellona<\/p>\n\n\n\n<p>Telefono: +34 932 631 593<\/p>\n\n\n\n<p>E-mail: info@baldirivila.com<\/p>\n\n\n\n<h2 class=\"wp-block-heading\">Condizioni generali di utilizzo del sito web<\/h2>\n\n\n\n<p>In linea generale, l'utente si assume l'obbligo di utilizzare il portale secondo quanto previsto dalla normativa vigente, secondo buona fede e secondo gli usi e costumi generalmente accettati. Allo stesso modo, l'utente si impegna a non utilizzare i servizi del sito Web per svolgere attivit\u00e0 illegali o criminali e\/o che violino la propriet\u00e0 intellettuale o industriale, o qualsiasi altra legge dell'ordinamento giuridico.<\/p>\n\n\n\n<p>I contenuti del sito Web (https:\/\/baldirivila.com\/), sia i testi, le immagini, il design grafico, la struttura, il codice sorgente, i loghi, i marchi, ecc., sono di propriet\u00e0 esclusiva di Baldiri Vila S.L. o, se del caso, delle persone o societ\u00e0 indicate come autori o titolari dei diritti e sono tutelate dalle norme in materia di Propriet\u00e0 Intellettuale e Industriale, pertanto la riproduzione, la modifica, la distribuzione o la manipolazione totale o parziale degli stessi, salvo previa ed espressa autorizzazione con permesso scritto dei titolari del sito https:\/\/baldirivila.com\/ o \u00e8 autorizzato dalla Legge.<\/p>\n\n\n\n<h2 class=\"wp-block-heading\">Marche:<\/h2>\n\n\n\n<p>In questa pagina sono citati indirettamente e a livello informativo alcuni termini e loghi, che costituiscono marchi registrati dai rispettivi titolari, non responsabilizzandoci per l'uso inappropriato che terzi potrebbero fare di tali marchi.<\/p>\n\n\n\n<h2 class=\"wp-block-heading\">Link:<\/h2>\n\n\n\n<p>Il titolare del sito web non \u00e8 responsabile di quegli altri dati, siti web o file a cui \u00e8 possibile accedere tramite collegamenti (link) disponibili tra i loro contenuti, dato che tali pagine o file che sono collegati sono di responsabilit\u00e0 dei rispettivi titolari. Questa pagina, pertanto, non approva n\u00e9 possiede i prodotti, i servizi, i contenuti, le informazioni, i dati, i file e qualsiasi tipo di materiale esistente su tali pagine Web o file e non controlla n\u00e9, in conformit\u00e0 con le disposizioni della LSSICE, \u00e8 responsabile per la qualit\u00e0, liceit\u00e0, attendibilit\u00e0 e utilit\u00e0 delle informazioni, dei contenuti, dei dati e dei servizi presenti nei siti collegati e che sono estranei alla presente pagina. Nel caso in cui un organo competente dichiari l'illegittimit\u00e0 dei dati, ne disponga il ritiro o renda impossibile l'accesso agli stessi, ovvero sia stata dichiarata l'esistenza del pregiudizio, e ci sia stata espressamente comunicata la relativa delibera, i link indicati riporteranno essere immediatamente rimosso.<\/p>\n\n\n\n<h2 class=\"wp-block-heading\">Cookie di sessione:<\/h2>\n\n\n\n<p>L'accesso a questo sito pu\u00f2 comportare l'uso di cookies di sessione. I cookie di sessione sono piccole quantit\u00e0 di informazioni che vengono memorizzate nel browser utilizzato da ciascun utente in modo che il server ricordi determinate informazioni che possono essere utilizzate in seguito. Queste informazioni consentono di identificarti come utente specifico in modo anonimo. Gli utenti che non desiderano ricevere cookies o desiderano essere informati prima che vengano memorizzati sul proprio computer, possono configurare il proprio browser a tale scopo senza che la visualizzazione generale di questo sito web venga pregiudicata.<\/p>\n\n\n\n<h2 class=\"wp-block-heading\">Politica sulla riservatezza<\/h2>\n\n\n\n<p>L'informativa sulla privacy del sito web https:\/\/baldirivila.com\/ informa gli utenti di questo sito web dei seguenti punti in modo che possano decidere liberamente e volontariamente se desiderano fornire i dati personali che possono essere loro richiesti attraverso l'uso di i diversi servizi che offriamo, tenendo presente che questi dati personali saranno strettamente essenziali per poterti fornire il servizio che hai selezionato.<\/p>\n\n\n\n<h2 class=\"wp-block-heading\">LOPD:<\/h2>\n\n\n\n<p>I dati che richiediamo avranno il trattamento e lo scopo per cui sono raccolti, come specificato nell'avviso legale in conformit\u00e0 con la legge sulla protezione dei dati organici (LOPD). Faranno parte di un file automatizzato, che \u00e8 stato registrato presso l'Agenzia spagnola per la protezione dei dati.<\/p>\n\n\n\n<p>E l'utente pu\u00f2 in ogni momento accedere, rettificare, cancellare in tutto o in parte i propri dati davanti al responsabile del file: Baldiri Vila S.L., Mercado Mercabarna, PABELLON G. 7017 A 7022, Barcellona, \u200b\u200b\u200b\u200b08040, telefono di Barcellona. +34 932 631 593, email: info@baldirivila.com, indicando come oggetto o riferimento \u201cModifica dati negli archivi del sito https:\/\/baldirivila.com\/\u201d.<\/p>\n\n\n\n<h2 class=\"wp-block-heading\">Raccolta di informazioni:<\/h2>\n\n\n\n<p>Solo le informazioni per noi essenziali a livello tecnico per poterti offrire un servizio soddisfacente saranno raccolte elettronicamente. Quando ti connetti, analizziamo esclusivamente il tipo di browser e il set di caratteri che stai utilizzando e la sua versione per visualizzare correttamente il sito web https:\/\/baldirivila.com\/.<\/p>\n\n\n\n<p>L'accesso o l'utilizzo di questo sito Web da parte dell'utente implica il suo consenso e l'accettazione di tutte le condizioni stabilite.<\/p>\n\n\n\n<h2 class=\"wp-block-heading\">Protezione dei dati personali<\/h2>\n\n\n\n<p>In ottemperanza agli articoli 5 e 6 della Legge 15\/1999, che regolano il diritto all'informazione nella raccolta dei dati e il consenso dell'interessato, si segnalano i seguenti punti:<\/p>\n\n\n\n<h3 class=\"wp-block-heading\">Per l'inserimento dei dati personali in questo sito web:<\/h3>\n\n\n\n<p>Si acconsente al loro trattamento.<\/p>\n\n\n\n<p>Devono essere inclusi in un file di propriet\u00e0 di Baldiri Vila S.L. Questi dati possono essere utilizzati per inviare informazioni sui nostri servizi.<\/p>\n\n\n\n<p>I dati ottenuti sono pertinenti allo scopo per il quale sono stati richiesti.<\/p>\n\n\n\n<p>Puoi in ogni momento esercitare i tuoi diritti di accesso, rettifica, cancellazione e opposizione dei tuoi dati personali prima che: Baldiri Vila S.L. Mercado Mercabarna, PABELLON G. 7017 A 7022, Barcellona, \u200b\u200b\u200b\u200b08040, Barcellona Telefono. +34 932 631 593, email: info@baldirivila.com, indicando come oggetto o riferimento \u201cModifica dati negli archivi del sito https:\/\/baldirivila.com\/\u201d.<\/p>\n\n\n\n<h2 class=\"wp-block-heading\">Limitazione di responsabilit\u00e0<\/h2>\n\n\n\n<h3 class=\"wp-block-heading\">Delle Informazioni<\/h3>\n\n\n\n<p>Baldiri Vila S.L. non \u00e8 responsabile della veridicit\u00e0, accuratezza, adeguatezza, idoneit\u00e0 e aggiornamento delle informazioni fornite tramite https:\/\/baldirivila.com\/. I contenuti di questa pagina sono informativi, quindi Baldiri Vila S.L. non \u00e8 responsabile delle decisioni prese dall'utente sulla base di esse, n\u00e9 dei danni causati all'utente oa terzi sulla base delle informazioni ottenute su questo sito web.<\/p>\n\n\n\n<h3 class=\"wp-block-heading\">Della qualit\u00e0 del servizio<\/h3>\n\n\n\n<p>L'utente ammette di conoscere ed essere a conoscenza dell'esistenza di virus, worm e altri elementi dannosi sulla Rete. L'utente \u00e8 responsabile della disponibilit\u00e0 di strumenti adeguati per il rilevamento e la disinfezione di questi programmi informatici dannosi, senza che Baldiri Vila S.L. essere responsabile dei danni causati all'attrezzatura informatica dell'utente o di terzi durante l'accesso al sito web.<\/p>\n\n\n\n<h3 class=\"wp-block-heading\">Disponibilit\u00e0 del Servizio<\/h3>\n\n\n\n<p>L'accesso al sito Web richiede servizi e forniture da altri fornitori di servizi della societ\u00e0 dell'informazione, l'affidabilit\u00e0, la qualit\u00e0, la continuit\u00e0 e il funzionamento sono al di fuori del controllo di Baldiri Vila S.L. Pertanto, i servizi forniti tramite il sito Web possono essere sospesi, cancellati o diventare inaccessibili in qualsiasi momento.<\/p>\n\n\n\n<p>Baldiri Vila S.L. non \u00e8 responsabile dei danni di qualsiasi natura causati all'Utente che provochino errori o disconnessioni nelle reti di telecomunicazioni che provochino la sospensione, la cancellazione o l'interruzione del servizio del sito web durante la fornitura dello stesso o con carattere precedente<\/p>\n\n\n\n<h3 class=\"wp-block-heading\">Dei contenuti a cui si accede su o attraverso il sito web<\/h3>\n\n\n\n<p>Questo sito Web consente l'accesso a collegamenti e ad altre pagine Web (di seguito, \"Siti collegati\"). In questi casi, https:\/\/baldirivila.com\/ funge da fornitore di servizi intermediario in conformit\u00e0 con le disposizioni della LSSI, in modo che sar\u00e0 responsabile dei contenuti e dei servizi forniti sui siti collegati solo nella misura in cui ha effetto di conoscenza dell'illegalit\u00e0 e non ha agito con la dovuta diligenza per rimuovere tali contenuti. Se ritieni che uno dei siti collegati includa contenuti illegali o inappropriati, puoi informare Baldiri Vila S.L. che agir\u00e0 con la massima diligenza per rimuovere i collegamenti a seconda dei casi.<\/p>\n\n\n\n<p>Baldiri Vila S.L. n\u00e9 \u00e8 responsabile dei contenuti e dei servizi offerti sui siti collegati, quindi non \u00e8 responsabile dei danni causati dalla loro illegalit\u00e0, qualit\u00e0, obsolescenza, indisponibilit\u00e0, errore o inutilit\u00e0.<\/p>\n\n\n\n<h2 class=\"wp-block-heading\">Riserva di diritti<\/h2>\n\n\n\n<p>L'utente si impegna a non rimuovere, cancellare, alterare, manipolare o modificare in alcun modo:<\/p>\n\n\n\n<p>Quelle note, legende, indicazioni o simboli che Baldiri Vila S.L. o i legittimi titolari dei diritti incorporano nelle loro propriet\u00e0 in termini di propriet\u00e0 intellettuale o industriale (come copyright, \u00a9, \u00ae e TM, ecc.).<\/p>\n\n\n\n<p>I dispositivi tecnici di protezione o identificazione che possono contenere i contenuti (quali, ad esempio, filigrane, stampe digitali, ecc.).<\/p>\n\n\n\n<p>L'accesso, la visualizzazione e, se del caso, il download dei contenuti e\/o dei servizi saranno sempre e comunque effettuati per scopi strettamente personali e non commerciali.<\/p>\n\n\n\n<p>Baldiri Vila S.L. si riserva tutti i diritti relativi alla propriet\u00e0 intellettuale e industriale sugli elementi del suo sito Web e non concede alcuna altra licenza o autorizzazione d'uso all'utente sulla sua propriet\u00e0 diversa da quella espressamente specificata nella presente clausola Tali diritti non si applicano alle immagini fornite da terzi per la visualizzazione sul web ei diritti di propriet\u00e0 intellettuale appartengono ai legittimi proprietari.<\/p>","protected":false},"excerpt":{"rendered":"<p>El present Av\u00eds Legal regula l\u2019acc\u00e9s per part de l\u2019usuari del lloc web (en endavant, el \u2018Usuari\u2019) als continguts proporcionats per Maria Guiral Ramon, ara en endavant com a Baldiri Vila S.L.. La simple utilitzaci\u00f3 de la informaci\u00f3 continguda en aquesta p\u00e0gina web implica la total acceptaci\u00f3 de l\u2019Av\u00eds Legal, i per aix\u00f2 li recomanem [&hellip;]<\/p>","protected":false},"author":1,"featured_media":0,"parent":0,"menu_order":0,"comment_status":"closed","ping_status":"open","template":"","meta":{"_et_pb_use_builder":"off","_et_pb_old_content":"","_et_gb_content_width":"1080","footnotes":""},"class_list":["post-766","page","type-page","status-publish","hentry"],"yoast_head":"<!-- This site is optimized with the Yoast SEO plugin v23.9 - https:\/\/yoast.com\/wordpress\/plugins\/seo\/ -->\n<title>Av\u00eds legal - baldiri vil\u00e0<\/title>\n<meta name=\"robots\" content=\"noindex, follow\" \/>\n<meta property=\"og:locale\" content=\"it_IT\" \/>\n<meta property=\"og:type\" content=\"article\" \/>\n<meta property=\"og:title\" content=\"Av\u00eds legal - baldiri vil\u00e0\" \/>\n<meta property=\"og:description\" content=\"El present Av\u00eds Legal regula l\u2019acc\u00e9s per part de l\u2019usuari del lloc web (en endavant, el \u2018Usuari\u2019) als continguts proporcionats per Maria Guiral Ramon, ara en endavant com a Baldiri Vila S.L.. La simple utilitzaci\u00f3 de la informaci\u00f3 continguda en aquesta p\u00e0gina web implica la total acceptaci\u00f3 de l\u2019Av\u00eds Legal, i per aix\u00f2 li recomanem [&hellip;]\" \/>\n<meta property=\"og:url\" content=\"https:\/\/baldirivila.com\/ita\/avvertimento-legale\/\" \/>\n<meta property=\"og:site_name\" content=\"baldiri vil\u00e0\" \/>\n<meta property=\"article:publisher\" content=\"https:\/\/www.facebook.com\/profile.php?id=61550965973332\" \/>\n<meta property=\"article:modified_time\" content=\"2023-06-01T08:00:33+00:00\" \/>\n<meta name=\"twitter:card\" content=\"summary_large_image\" \/>\n<meta name=\"twitter:label1\" content=\"Tempo di lettura stimato\" \/>\n\t<meta name=\"twitter:data1\" content=\"9 minuti\" \/>\n<script type=\"application\/ld+json\" class=\"yoast-schema-graph\">{\"@context\":\"https:\/\/schema.org\",\"@graph\":[{\"@type\":\"WebPage\",\"@id\":\"https:\/\/baldirivila.com\/avis-legal\/\",\"url\":\"https:\/\/baldirivila.com\/avis-legal\/\",\"name\":\"Av\u00eds legal - baldiri vil\u00e0\",\"isPartOf\":{\"@id\":\"https:\/\/baldirivila.com\/#website\"},\"datePublished\":\"2023-06-01T07:01:17+00:00\",\"dateModified\":\"2023-06-01T08:00:33+00:00\",\"breadcrumb\":{\"@id\":\"https:\/\/baldirivila.com\/avis-legal\/#breadcrumb\"},\"inLanguage\":\"it-IT\",\"potentialAction\":[{\"@type\":\"ReadAction\",\"target\":[\"https:\/\/baldirivila.com\/avis-legal\/\"]}]},{\"@type\":\"BreadcrumbList\",\"@id\":\"https:\/\/baldirivila.com\/avis-legal\/#breadcrumb\",\"itemListElement\":[{\"@type\":\"ListItem\",\"position\":1,\"name\":\"Inici\",\"item\":\"https:\/\/baldirivila.com\/\"},{\"@type\":\"ListItem\",\"position\":2,\"name\":\"Av\u00eds legal\"}]},{\"@type\":\"WebSite\",\"@id\":\"https:\/\/baldirivila.com\/#website\",\"url\":\"https:\/\/baldirivila.com\/\",\"name\":\"baldiri vil\u00e0\",\"description\":\"Per tradici\u00f3 i qualitat, Baldiri Vil\u00e0\",\"publisher\":{\"@id\":\"https:\/\/baldirivila.com\/#organization\"},\"inLanguage\":\"it-IT\"},{\"@type\":\"Organization\",\"@id\":\"https:\/\/baldirivila.com\/#organization\",\"name\":\"Baldiri Vil\u00e0\",\"url\":\"https:\/\/baldirivila.com\/\",\"logo\":{\"@type\":\"ImageObject\",\"inLanguage\":\"it-IT\",\"@id\":\"https:\/\/baldirivila.com\/#\/schema\/logo\/image\/\",\"url\":\"https:\/\/baldirivila.com\/wp-content\/uploads\/2023\/06\/favicon.png\",\"contentUrl\":\"https:\/\/baldirivila.com\/wp-content\/uploads\/2023\/06\/favicon.png\",\"width\":50,\"height\":50,\"caption\":\"Baldiri Vil\u00e0\"},\"image\":{\"@id\":\"https:\/\/baldirivila.com\/#\/schema\/logo\/image\/\"},\"sameAs\":[\"https:\/\/www.facebook.com\/profile.php?id=61550965973332\",\"https:\/\/www.instagram.com\/baldiri_vila\/\"]}]}<\/script>\n<!-- \/ Yoast SEO plugin. -->","yoast_head_json":{"title":"Av\u00eds legal - baldiri vil\u00e0","robots":{"index":"noindex","follow":"follow"},"og_locale":"it_IT","og_type":"article","og_title":"Av\u00eds legal - baldiri vil\u00e0","og_description":"El present Av\u00eds Legal regula l\u2019acc\u00e9s per part de l\u2019usuari del lloc web (en endavant, el \u2018Usuari\u2019) als continguts proporcionats per Maria Guiral Ramon, ara en endavant com a Baldiri Vila S.L.. La simple utilitzaci\u00f3 de la informaci\u00f3 continguda en aquesta p\u00e0gina web implica la total acceptaci\u00f3 de l\u2019Av\u00eds Legal, i per aix\u00f2 li recomanem [&hellip;]","og_url":"https:\/\/baldirivila.com\/ita\/avvertimento-legale\/","og_site_name":"baldiri vil\u00e0","article_publisher":"https:\/\/www.facebook.com\/profile.php?id=61550965973332","article_modified_time":"2023-06-01T08:00:33+00:00","twitter_card":"summary_large_image","twitter_misc":{"Tempo di lettura stimato":"9 minuti"},"schema":{"@context":"https:\/\/schema.org","@graph":[{"@type":"WebPage","@id":"https:\/\/baldirivila.com\/avis-legal\/","url":"https:\/\/baldirivila.com\/avis-legal\/","name":"Av\u00eds legal - baldiri vil\u00e0","isPartOf":{"@id":"https:\/\/baldirivila.com\/#website"},"datePublished":"2023-06-01T07:01:17+00:00","dateModified":"2023-06-01T08:00:33+00:00","breadcrumb":{"@id":"https:\/\/baldirivila.com\/avis-legal\/#breadcrumb"},"inLanguage":"it-IT","potentialAction":[{"@type":"ReadAction","target":["https:\/\/baldirivila.com\/avis-legal\/"]}]},{"@type":"BreadcrumbList","@id":"https:\/\/baldirivila.com\/avis-legal\/#breadcrumb","itemListElement":[{"@type":"ListItem","position":1,"name":"Inici","item":"https:\/\/baldirivila.com\/"},{"@type":"ListItem","position":2,"name":"Av\u00eds legal"}]},{"@type":"WebSite","@id":"https:\/\/baldirivila.com\/#website","url":"https:\/\/baldirivila.com\/","name":"baldiri vil\u00e0","description":"Per tradici\u00f3 i qualitat, Baldiri Vil\u00e0","publisher":{"@id":"https:\/\/baldirivila.com\/#organization"},"inLanguage":"it-IT"},{"@type":"Organization","@id":"https:\/\/baldirivila.com\/#organization","name":"Baldiri Vil\u00e0","url":"https:\/\/baldirivila.com\/","logo":{"@type":"ImageObject","inLanguage":"it-IT","@id":"https:\/\/baldirivila.com\/#\/schema\/logo\/image\/","url":"https:\/\/baldirivila.com\/wp-content\/uploads\/2023\/06\/favicon.png","contentUrl":"https:\/\/baldirivila.com\/wp-content\/uploads\/2023\/06\/favicon.png","width":50,"height":50,"caption":"Baldiri Vil\u00e0"},"image":{"@id":"https:\/\/baldirivila.com\/#\/schema\/logo\/image\/"},"sameAs":["https:\/\/www.facebook.com\/profile.php?id=61550965973332","https:\/\/www.instagram.com\/baldiri_vila\/"]}]}},"_links":{"self":[{"href":"https:\/\/baldirivila.com\/ita\/wp-json\/wp\/v2\/pages\/766","targetHints":{"allow":["GET"]}}],"collection":[{"href":"https:\/\/baldirivila.com\/ita\/wp-json\/wp\/v2\/pages"}],"about":[{"href":"https:\/\/baldirivila.com\/ita\/wp-json\/wp\/v2\/types\/page"}],"author":[{"embeddable":true,"href":"https:\/\/baldirivila.com\/ita\/wp-json\/wp\/v2\/users\/1"}],"replies":[{"embeddable":true,"href":"https:\/\/baldirivila.com\/ita\/wp-json\/wp\/v2\/comments?post=766"}],"version-history":[{"count":2,"href":"https:\/\/baldirivila.com\/ita\/wp-json\/wp\/v2\/pages\/766\/revisions"}],"predecessor-version":[{"id":777,"href":"https:\/\/baldirivila.com\/ita\/wp-json\/wp\/v2\/pages\/766\/revisions\/777"}],"wp:attachment":[{"href":"https:\/\/baldirivila.com\/ita\/wp-json\/wp\/v2\/media?parent=766"}],"curies":[{"name":"wp","href":"https:\/\/api.w.org\/{rel}","templated":true}]}}